j, -2 = 3*j - 2*q - 8. Let v be (j/(-9))/(-1) + 644/(-63). What is the remainder when 62 is divided by (128/10)/((-4)/v)?
30
Suppose 86*k + 78*k - 1629 = -17*k. Calculate the remainder when 3815 is divided by k.
8
Suppose 14*i - 9999 = -21*i - 1494. What is the remainder when i is divided by 92?
59
Let c(n) = 9*n**2 - 7*n + 12. Let s be c(2). Suppose 0*q - 115 = -5*h - 5*q, s = 2*h - q. What is the remainder when 29 is divided by h?
10
Suppose 2278 = 159*h - 2357 + 1137. What is the remainder when (-1 + 1)/(-2) + 767 is divided by h?
19
Let u(i) = 6*i**2 + 117*i - 416. Calculate the remainder when 2964 is divided by u(-30).
16
Suppose 3*x - 561 - 582 = 0. Suppose 2*w + 115 = x. What is the remainder when w is divided by 45?
43
Let v(l) = -l**2 - 205*l + 1907. Calculate the remainder when v(-213) is divided by 41.
39
Let z be (-1*(-594)/8)/((-120)/320). What is the remainder when 44 is divided by z/(-8) - 1/(-8)*2?
19
Let v be (2 + -10)*3/(-6). Suppose k = 5*k - 0*k. Suppose -v*p - t + 216 = -k*t, 122 = 2*p + 4*t. Calculate the remainder when p is divided by 14.
11
Let w(u) = 18*u - 2. Let b = 11036 - 10528. What is the remainder when b is divided by w(2)?
32
Suppose 4*u - 2*t = 2*t + 44, -3*t = 3*u - 33. Suppose -31 = -x + u. Suppose -3*m + 33 = -x. Calculate the remainder when m is divided by 9.
7
Suppose 172*f - 34752 + 6827 - 12323 = 0. Calculate the remainder when f is divided by 62.
48
Let v = 103 + -35. Calculate the remainder when v is divided by (-284)/(-14) - (-164)/(-574).
8
Suppose 0 = 3*b + 2*t - 4540 - 176, 0 = 2*b - t - 3137. Calculate the remainder when b is divided by 45.
40
Calculate the remainder when 971 is divided by (-37 - 4778)*(-6)/30.
8
Suppose -y + 45*y + 1116 = 14932. What is the remainder when y is divided by 49?
20
Let d(j) = -31*j**2 + 3*j - 506*j**3 - 12*j + 501*j**3. What is the remainder when d(-7) is divided by 65?
64
Let c be (1/3)/((-2)/(-12)). Suppose c*r + 270 = 4*o, -r + 76 + 203 = 4*o. What is the remainder when 207 is divided by o?
0
Let s = 142 - 135. Calculate the remainder when 0/(-1) + 54 + (1 - s) is divided by 13.
9
Suppose t - 6*t + 5 = -4*w, 4*w = 3*t + 5. Suppose 5*v = 4*i - 35, 5*i - 72 + 17 = -t*v. What is the remainder when 68 is divided by i?
8
Suppose -8*s + 15 + 201 = 0. Let m = s + -12. What is the remainder when 73 is divided by m?
13
Suppose -5*j = -j + 908. Let l = j + 252. Calculate the remainder when l is divided by 4.
1
Let p = 2267 - 2241. Calculate the remainder when 2391 is divided by p.
25
Let k = -28 + 17. Let f(l) = -9*l**2 + 5*l**2 + 8*l**2 - 13*l - 5*l**2 + 9. What is the remainder when f(k) is divided by 16?
15
Let c(d) = -13*d**2 + 312*d + 35. What is the remainder when 798 is divided by c(24)?
28
Suppose -6 = -4*w - 14. Let t be ((-10)/(-7))/(w/(-7)). Suppose -n + t*v = n + 15, -n + 25 = 4*v. What is the remainder when 28 is divided by n?
3
Let c = 113 + -93. Suppose c = -5*o, -3*n - 3*o = n - 68. Suppose -2*w + 5 = 3*w, -w - 8 = -i. Calculate the remainder when n is divided by i.
2
Let s(x) = -2*x**2 - 24*x - 4. Let p be s(-11). Suppose -p*g = g - 1767. What is the remainder when g is divided by 20?
13
Calculate the remainder when 232/3*5*816/680 is divided by 86.
34
Suppose 0 = 3*f - 99*r + 104*r - 7454, 4*f + r - 9916 = 0. Calculate the remainder when f is divided by 146.
142
Suppose 3*n - 3*r - 90 = -0*r, 4*r = 5*n - 145. Suppose -717*a + 362*a - 990 = -365*a. What is the remainder when a is divided by n?
24
Suppose 5*f - 75 = -5*s, -3*f + 8 = s - 5. Let j = 102 - 106. Calculate the remainder when 6/9*(-450)/j is divided by s.
11
Suppose 3 = 2*v + 13, 2*b + v - 45 = 0. Calculate the remainder when 1/(618/306 + -2) is divided by b.
1
Suppose 22 = -3*l - 5*x, -4*l - 8*x = -11*x + 10. Calculate the remainder when 745 is divided by 40 + (-8)/(2 + l).
41
Suppose 0 = 5*g - 2*i - 24, g + 2 = 5*i + 16. Let q be 6/g*(9 - -47). Suppose -7*t + q = -6*t. Calculate the remainder when t is divided by 29.
26
What is the remainder when -2*137/(-4) - (-6)/12 is divided by ((-8)/6)/(18/(-162))?
9
Let k = 25948 - 25522. Calculate the remainder when k is divided by 42.
6
What is the remainder when (770/(-105)*402/4)/(-1) + -4 is divided by 246?
241
Let b be (-75)/(1/6*30/25). Let f = b - -547. Calculate the remainder when f is divided by 53.
13
What is the remainder when 45/25 - (-106992)/360 is divided by 292?
7
Let z(r) = 8*r - 14. Let v be z(3). Suppose 5*h + v = 0, 101 = 3*l - 4*h + 3*h. Calculate the remainder when 131 is divided by l.
32
Let v(y) = y**2 + 4*y + 3. Let d be v(-3). Suppose -2*k - a + 75 = -0*a, -5*k + a + 191 = d. What is the remainder when k is divided by 8?
6
Let s = 4095 + -3326. What is the remainder when s is divided by 87?
73
Let f(u) = u**3 - 34*u**2 - 69*u + 186. What is the remainder when f(36) is divided by 108?
78
Let g = 1071 + -1061. Suppose 5*q - 3*j - 596 = 0, q - 5*j - 364 = -2*q. What is the remainder when q is divided by g?
8
Let l = -4888 + 4904. What is the remainder when 2350 is divided by l?
14
Let m(b) = 2*b**2 - 8*b + 9. Let t be m(6). Let d = t + -22. Suppose -i + d = -11. What is the remainder when 64 is divided by i?
20
Let u(c) = 5*c - 17. Suppose -3*l + 65 = -l - d, -5*l + 200 = 5*d. Suppose -37 - l = -8*m. Calculate the remainder when u(m) is divided by 10.
8
Let v be (-6)/12*4662/(-3). Let h = -738 + v. Calculate the remainder when 701 is divided by h.
38
Let p = 71 - 67. Suppose p*m - 62 + 50 = 0. Suppose m*c + 0*c + 5*u = 106, -2*c - 3*u + 71 = 0. Calculate the remainder when c is divided by 10.
7
Suppose -2*h + 148311 = 538*b - 533*b, 0 = -5*b - 5*h + 148290. What is the remainder when b is divided by 87?
85
Suppose 0 = 11*z - 7*z - 116. Let v = 27 - z. What is the remainder when 20 is divided by 14 + 0/v + 1 + -4?
9
Let n(t) = 4*t + 4. Calculate the remainder when (-750)/(-3) - (2 + -1 - 4) is divided by n(7).
29
Let i = 166 - 163. Suppose -i*r + 5*r - 8 = 0. What is the remainder when 21 is divided by r?
1
Suppose -4*n + 179 + 207 = -2*o, 4*o - 284 = -3*n. Suppose 0 = 2*x + j - 57, -1 = 2*j - 7. What is the remainder when n is divided by x?
15
Let w = 4373 - 2890. What is the remainder when w is divided by 62?
57
What is the remainder when 6268/16 - (-15)/60 is divided by 180?
32
Let f = -143 + 382. Suppose f*o + 270 = 242*o. Calculate the remainder when o is divided by 17.
5
Let l = 1679 + -1658. Calculate the remainder when 450 is divided by l.
9
Suppose -24 = -150*k + 154*k. Calculate the remainder when 56 is divided by ((-4)/k)/(3/((-1377)/(-18))).
5
Let s(l) = l**3 + 5*l**2 - 9*l - 23. Let v = 193 + -79. Suppose -2*b - 285 = -5*j, -2*j - b + 5*b = -v. What is the remainder when j is divided by s(-4)?
28
Let a(y) = 174*y + 4252. Calculate the remainder when 644 is divided by a(-24).
36
Let i(f) = 4*f**2 + 33*f + 12. Let n be i(-8). Calculate the remainder when 108 is divided by (264/16)/(6/n).
9
Let r be (-1)/5*(-14 - -14). Suppose 4*p = 3*s + 152, -p + r*s = 4*s - 38. Suppose 4*v = v + 63. Calculate the remainder when p is divided by v.
17
Let s = -110 - -115. Suppose -s = -6*n + 13. Suppose -x + r = 4*x - 154, 5*x + n*r = 138. Calculate the remainder when 57 is divided by x.
27
Suppose -19365 = -6*q + 7761. Calculate the remainder when q is divided by 38.
37
Let o(v) = -v**3 - 15*v**2 + 102*v - 41. Calculate the remainder when o(-21) is divided by 225.
13
Let j(y) = 23 - 8 + 2*y - 5*y + y. Let u be j(5). Suppose u*h - 43 = 72. What is the remainder when 87 is divided by h?
18
Let d(n) = 1 + 6 - 36*n**2 + 33*n**2 + n**3 + 2*n. Calculate the remainder when 150 is divided by d(3).
7
Suppose 5*g - 5 = 2*y - 170, -y + 72 = g. Suppose -5*f - 14*u = -11*u - 883, 3*u + 173 = f. Calculate the remainder when y is divided by f/(-1496) - 718/(-34).
12
Suppose 231 + 56 = 2*l + 5*m, -7*l + 4*m + 854 = 0. Calculate the remainder when 388 is divided by l.
10
Let z(d) = -9 - 4*d - 3*d**2 - 2*d + 84*d**3 - 91*d**3. Calculate the remainder when z(-3) is divided by 21.
3
What is the remainder when (-15 + (-432)/(-32))/((-3)/312) is divided by 22?
2
Let f = -20599 + 21004. Calculate the remainder when 1219 is divided by f.
4
Let o = -524 - -509. Calculate the remainder when 415 is divided by 33 + (6/o)/(6/15).
31
Calculate the remainder when